e 2*q = -q + 48. Let l be -7*6*5/(-70). Suppose -j + 157 = l*r, -4*r = j + r - 155. What is the greatest common divisor of q and j?
16
Suppose 0 = 5*a + 4*f - 4, -3*a + f + 12 = -4. Let y be -30*((-10)/a)/5. Suppose -4*u + 3*u = -y. Calculate the greatest common factor of 15 and u.
15
Let x = -474 - -528. What is the highest common factor of x and 459?
27
Suppose 6*p = p + 200. Suppose -3*l + 4*l = -4*z + 204, 0 = 3*z + 4*l - 166. Suppose -z = -23*v + 18*v. Calculate the greatest common factor of v and p.
10
Suppose 0 = -4*y + 3*n + 7, 5*n + 11 + 4 = 5*y. Let k be -9*(y - (0 - -1)). What is the greatest common divisor of k and 3?
3
Suppose -3*o + 127 = -62. Calculate the highest common factor of 14 and o.
7
Suppose -162 = -3*z + 39. Suppose -193 + z = -7*r. What is the highest common factor of 18 and r?
18
Suppose -74 = -b + 4*s, -2*s + 274 + 94 = 4*b. What is the greatest common divisor of 846 and b?
18
Let j(g) be the third derivative of 0 - 2/3*g**3 + 0*g - 1/60*g**5 + 5/24*g**4 - 7*g**2. Let l be j(3). What is the highest common divisor of l and 4?
2
Let v be (9/6)/((56/2640)/7). Calculate the greatest common divisor of v and 55.
55
Suppose -2*j + 2*q + 3 - 23 = 0, 2*q = 4. Let k(d) = -4*d + 10. Let r be k(j). Let v be (17 - -4)*14/21. Calculate the greatest common factor of v and r.
14
Let c(o) = 33*o + 27. Let i be c(6). Calculate the greatest common divisor of i and 100.
25
Let z be 8/20 - (-4576)/110. Calculate the highest common factor of 30 and z.
6
Suppose 0*f - 4*f + 276 = 0. Suppose -f = 3*m - 3*c, -181 = 5*m - c - 46. Let a = -14 - m. Calculate the greatest common divisor of 35 and a.
7
Let z be (1 - 3)*(0 + -81). Calculate the greatest common divisor of 18 and z.
18
Suppose -60*a + 65*a - 315 = 0. Calculate the greatest common factor of a and 168.
21
Suppose -74 = -3*f + 34. Suppose l - f = -3*l. Calculate the highest common factor of l and 72.
9
Suppose -p + 4 = 0, -2*v + p = -7*v + 9. Suppose -v = -k + 7. Let h = -815 - -817. What is the highest common factor of k and h?
2
Suppose 7*d - 4*d = 5*a + 23, -2*d + 3*a = -14. Suppose 0 = x - d, -4*n + 5*x = -3*n - 31. What is the highest common factor of n and 396?
36
Suppose 5*x + 4*m - 26 - 88 = 0, 49 = 2*x + 5*m. Suppose p - x = 20. Suppose 4*k + 12 = z + 3*z, -2*k = -6. Calculate the greatest common factor of z and p.
6
Let j be 5/(7/(-420)*-6). What is the highest common divisor of 125 and j?
25
Let u(y) be the second derivative of -y**3 + 8*y + 0 - 3*y**2 - 1/12*y**4. Let h be u(-4). Calculate the greatest common factor of 10 and h.
2
Suppose -k - 73 = -3*k + m, 4*m - 140 = -4*k. Let b(s) = 27*s. Let y be b(2). What is the greatest common divisor of k and y?
18
Suppose 8*w = 13*w - 20. Suppose -8 = -2*x - c + w*c, -3*c = -5*x + 29. Calculate the highest common divisor of 7 and x.
7
Let y(j) = -j**3 + j**2 + 9*j - 1. Let o(i) = i**3 - i**2 - i + 1. Let u(b) = -3*o(b) - y(b). Let f be u(-3). Calculate the greatest common factor of 11 and f.
11
Suppose 8*h - 41 = 455. Suppose -9*c + h + 10 = 0. What is the greatest common factor of c and 32?
8
Let n(x) = x**2 - 19*x + 98. Let k be n(13). Let p be 9/(1*1/2). Let w = k - p. Calculate the highest common divisor of 8 and w.
2
Suppose -36*j = -32*j + 1180. Let t(s) = -2*s**3 - s**2 + 1. Let o be t(1). Let w be o/3 - j/15. Calculate the highest common divisor of 19 and w.
19
Let u = 42 + -39. Suppose u*o + 246 = 4*y, 134 = 3*y + 3*o - 61. Calculate the highest common divisor of 42 and y.
21
Let q be 1/(-2) - 17/2. Let o be ((340/8)/(-5))/((-2)/4). Let t = o + q. Calculate the highest common factor of t and 88.
8
Let l(a) = 7*a**2 + 5*a - 5. Let q be l(2). Calculate the highest common divisor of q and 27.
3
Let o(g) = -g - 1 - 17*g**2 - 2*g + 16*g**2 + 5*g**2. Let q be o(-2). What is the greatest common factor of 28 and q?
7
Let t(s) = -s**3 - s - 1. Let a(m) = -307*m**3 + 2*m**2 - 7*m - 4. Let u(r) = -a(r) + 4*t(r). Let n be u(1). Calculate the greatest common divisor of n and 38.
38
Suppose 33 - 240 = -3*q. Let l be 1/6 + q/18. Let y be (l - -3) + -7 + 4. Calculate the highest common divisor of y and 28.
4
Let i = -315 - -532. Let c = -89 + i. Suppose 0*s = 4*w + 4*s - c, 4*s = -w + 20. Calculate the greatest common factor of 4 and w.
4
Let s be 384*(-1)/16*-20. Calculate the highest common divisor of 15 and s.
15
Suppose 2*b - 112 = -0*b. Let r be b + 7/((-7)/4). Let m = r - -14. What is the highest common factor of 6 and m?
6
Let i be 1*(-5 - (-15 - -3)). What is the greatest common factor of 217 and i?
7
Let i(v) = -v**2 + 8*v - 9. Let s be i(6). Suppose 5*k + 7 = -q, -s*q + 8*k - 4*k + 36 = 0. What is the greatest common divisor of q and 4?
4
Suppose -2*i = -9*i + 350. Let r(l) = 4*l + 2. Let y be r(2). Calculate the highest common divisor of i and y.
10
Let a be 10/4*(15 + -9). Let c(w) = 35*w**2 - 2*w + 2. Let h be c(1). Suppose 13 = 3*y - j - h, 2*y - 33 = j. Calculate the highest common factor of a and y.
15
Let o = 24 + -64. Suppose -4*y + 0*y - 48 = 0. Let v = y - o. Calculate the greatest common factor of v and 42.
14
Suppose -17*l - 6647 = -18547. Calculate the highest common divisor of l and 10.
10
Let x = 4 + -2. Suppose 0*z - m + 47 = 5*z, -x*m + 14 = 2*z. Calculate the highest common factor of 25 and z.
5
Let m(h) = 110*h - 12. Let b be m(1). Calculate the highest common factor of 70 and b.
14
Let c(v) = 3*v. Let f be c(7). Let i = f - 13. Let x = -29 + 69. Calculate the greatest common divisor of x and i.
8
Suppose -153 = -36*y + 207. What is the greatest common factor of 170 and y?
10
Suppose 623 = 3*n + 149. Calculate the highest common divisor of n and 395.
79
Suppose 4*f - 379 = 201. Let a = f + -73. Suppose 0 = -4*b + 4*u + 52, -4*u - 29 = -3*b + 15. Calculate the greatest common factor of b and a.
8
Let s(h) = 9*h - 20. Let p be s(4). Suppose 0 = -n - 4*l + 132, -3*n + 285 = 5*l - 132. Calculate the greatest common divisor of n and p.
16
Let g = -183 - -208. Calculate the highest common divisor of 1700 and g.
25
Let j(o) = -7*o. Let p be j(-2). Suppose -357 = -63*v + 84. What is the highest common divisor of v and p?
7
Let p(q) = 15*q - 71. Let a be p(5). Calculate the greatest common factor of 64 and a.
4
Suppose -4*o - 52 = -2*v, -30 = 2*v - 2*o - 86. What is the greatest common divisor of v and 60?
30
Let l(z) = -z**3 - 4*z**2 + 10*z - 7. Let d be l(-6). Suppose 0*w + 25 = d*w. Suppose 2*t + 3 - w = 0. What is the highest common factor of t and 4?
1
Let m(g) = -2*g - 46. Let y be m(-24). Let z be 9/9 + (1 + 1)/y. Let q(u) = -3*u + 2. Let j be q(-2). Calculate the highest common factor of j and z.
2
Let o be 36 + 0 + (2 - 0). Suppose -k + 3*a = -155, -4*k - 4*a + 0*a = -604. What is the highest common divisor of o and k?
38
Suppose -2*m = s - 3*s - 16, 2*s = 4*m - 28. Suppose -8*d - 2*d - 60 = 0. Let c be ((-87)/(-9))/1 + 4/d. Calculate the highest common factor of c and m.
3
Let g = -150 - -306. Calculate the highest common divisor of 60 and g.
12
Suppose 11*g - 943 = 2060. What is the greatest common divisor of 21 and g?
21
Suppose 5*q + 110 = 2*a - a, -112 = -a + 3*q. Let z = a - 79. What is the highest common divisor of 6 and z?
6
Let h(u) = -u - 6. Let n be h(-6). Suppose -j - j + 6 = n. Let i be 32/j*3/2. What is the highest common divisor of 48 and i?
16
Let n be 0/(10/(-2 + 7)). Suppose 7*c - 6*c - 7 = n. Calculate the greatest common divisor of 56 and c.
7
Let d be (-1)/(-2) - 142/(-4). Let u(f) = f**3 - 7*f**2 - 23*f - 61. Let r be u(10). Calculate the greatest common divisor of r and d.
9
Let x be (-27)/6*4/(-3). What is the greatest common divisor of x and 642?
6
Suppose -3*j + 203 = 77. Calculate the highest common factor of j and 6.
6
Let j(x) = 3*x + 10. Let h be j(13). Suppose -2*r + h + 29 = 0. Calculate the greatest common divisor of r and 13.
13
Let z = 357 - 333. What is the highest common divisor of z and 888?
24
Let i(h) = -110*h + 26. Let c be i(0). What is the greatest common divisor of c and 377?
13
Let q be (-10)/(-35) + (-4)/14. Suppose 4*t + t - 105 = q. What is the greatest common divisor of t and 84?
21
Suppose -5*g + 8 + 11 = 3*m, 0 = -3*m - 3*g + 21. Suppose 5*y = m + 47. Suppose 1 = j - y. Calculate the greatest common factor of j and 84.
12
Suppose 0 = -5*i + i + 4*m - 12